5 + (-35)/x). Let h(r) = r + 1. What is h(b)?
7
Let m(c) be the third derivative of c**4/24 + c**3/3 + c**2. Let f be (-4 - 50/(-15))/(7 - 145/21). Determine m(f).
-5
Let b = -90 - -99. Let k(q) = q**2 - 10*q - 5. What is k(b)?
-14
Let s(j) = -j**2 - 8*j + 8. Let a(n) = -2*n**3 - 34*n**2 + 41*n + 80. Let l be a(-18). What is s(l)?
-12
Let l = -111 + 66. Let v = -47 - l. Let s(c) = -c**2 - c + 1. Calculate s(v).
-1
Let d(g) = 7*g**3 + g**2 - 2*g + 3. Let x(q) = 2*q**3 + q**2 - q + 1. Let r(y) = d(y) - 3*x(y). Give r(-2).
-18
Suppose h - 7*i - 2 = -2*i, 2*h - 4 = i. Let q(t) = -4*t - 1 - 2 + 2*t + h*t**2 - 3*t**2. Let n be (20/(15/(-3)))/1. What is q(n)?
-11
Let t(o) = -3*o**2 + o - 1. Let j(w) = -5*w + 24. Let g be j(8). Let v be (6/4)/((-12)/g). What is t(v)?
-11
Suppose -2*c - 5*g + 0*g = -15, -5*g = -3*c + 10. Suppose -5 = -c*o + 5. Let t(z) = 2*z**3 - 3*z - z**3 - 4*z**o - 2 + 2*z + 4. Determine t(4).
-2
Suppose 3*i + 5*o = 19, 0 = -22*i + 19*i + 2*o + 5. Let j(t) = -t - 4. Let k(s) = -3*s - 5. Let l(w) = i*k(w) - 4*j(w). Give l(-2).
11
Let o(c) be the first derivative of -c**4/4 + 2*c**3 - c**2 + 4*c + 82. Determine o(6).
-8
Suppose -3*a + 1 - 4 = 0, 5*d - 14 = -a. Suppose -4 = g - 3*g. Let f(c) = 2*c**2 + 1 + c**d + c + 0*c**3 - 3*c**g. What is f(-2)?
-13
Suppose -r - 5*v + 1030 = 1056, 2*r + 4*v + 22 = 0. Let t(b) = 5*b. Let p(l) = 5*l + 0*l + l. Let j(u) = 4*p(u) - 5*t(u). Give j(r).
1
Let k(w) = -3*w - 11. Let j be k(-5). Suppose -j = -0*y - 2*y. Let t(u) = -9*u**2 + u**2 + 1 + 0*u**y + 3*u**2. Calculate t(1).
-4
Let z(t) = -13*t**3 + 29*t**2 - 18*t + 19. Let g(x) = -7*x**3 + 15*x**2 - 10*x + 10. Let b(q) = -11*g(q) + 6*z(q). Calculate b(9).
22
Let n(l) = -24*l + 154. Let t(s) = -5*s + 27. Let z(b) = -2*n(b) + 11*t(b). What is z(-2)?
3
Let c(q) = -2*q**2 - 4*q - 2. Let y(s) = -s**2 + 6*s + 16. Let i be y(7). Let n(u) = -3*u + 25. Let a be n(i). Determine c(a).
-2
Suppose -28 = -7*v - 0*v. Let m(k) = -v*k + k**3 - 5*k**2 - 1 - 3*k**3 + 7*k**3 - 4*k**3. Give m(6).
11
Let q(v) = v**3 + 8*v**2 - 9*v + 4. Let n = -10 - -1. Let x be q(n). Suppose -45 = -x*y - 13. Let o(z) = z**3 - 7*z**2 - 6*z - 10. What is o(y)?
6
Suppose 2*r = 4*g - 26, -4*r + 14*g - 42 = 11*g. Let s(z) = -z**2 - 8*z + 18. What is s(r)?
9
Let q(x) be the second derivative of 1/2*x**4 + 1/3*x**3 - 4*x - 1/2*x**2 + 0. Let w be (-2 + 10/4)*2. Give q(w).
7
Let z(x) = 21*x + 33*x**2 + 14 - 14*x - 34*x**2. Calculate z(7).
14
Let m(q) = -q**3 - 3*q**2 + 7*q + 6. Suppose 0 = 5*k + 19 + 1. Let l be m(k). Let o(u) = u - 2. What is o(l)?
-8
Suppose -11 - 4 = -3*n. Let b(w) = w - 3*w + 0 + n. Suppose 0 = -669*q + 674*q - 20. Give b(q).
-3
Let x(v) be the first derivative of -9/2*v**2 + 5/3*v**3 + 0*v - 4. Let a(r) = 4*r**2 - 8*r. Let w(m) = 4*a(m) - 3*x(m). Determine w(5).
0
Let p = 59 + -44. Let w(u) = u**2 - 15*u + 4. Let a be w(p). Let o(s) = -s**3 + 6*s**2 - 6*s + 2. Calculate o(a).
10
Let t(m) = 1242 - 620 - 10*m - m**3 + 9*m**2 - 619. Give t(8).
-13
Let b(i) = i + 5. Let l be 135/(-117) - (-2)/13. Let o(z) = 2 - 6 + 3 - z. Let g be o(l). Calculate b(g).
5
Suppose 2*m - 3 = -0*c - c, -m + 5*c = -18. Let f(k) = 29*k + 11. Let w(v) = -105*v - 39. Let x(z) = -18*f(z) - 5*w(z). What is x(m)?
6
Let n be 7/((-140)/8)*-5. Let j(t) = -4*t**n + 2 + 9*t - 2*t**3 + 12*t - 34*t + 14*t. What is j(-3)?
17
Suppose -7 = -5*m + m + r, 0 = 4*r - 4. Suppose m*b - b + 3 = 0. Let u(o) = o**2 - o - 3. What is u(b)?
9
Suppose h + 5*p = -13, 3*h + 3*p - 6*p - 33 = 0. Let v(w) be the first derivative of 5/2*w**2 - 2*w + h - w**3 - 1/4*w**4. Give v(-4).
-6
Let b(y) = 5*y**3 + 3*y**2 - 4*y + 1. Let j be b(1). Let i(p) = -6*p + 6. What is i(j)?
-24
Let w = 1325 + -1325. Let x(m) = m - 11. Determine x(w).
-11
Let g(n) = 14*n - 1. Let f(u) = 12*u - 1. Let i(o) = 3*f(o) - 2*g(o). Give i(1).
7
Suppose 5*k - 24 = 3*k. Suppose f = 3*f + k. Let y(s) = s + 5. Determine y(f).
-1
Let f(k) = -k**2 + 37*k - 71. Let o be f(35). Let q(p) = -12*p**3 + p + 1. Give q(o).
12
Let c(t) = 1371*t + 1377*t - t**2 - 2741*t. Give c(6).
6
Let o(u) = -1 + u + 8 - 16 + 15*u - u**2. Give o(16).
-9
Let x be 1/4 - (-43)/4. Let p(q) = -2323*q - 12 + 2324*q - 2. Give p(x).
-3
Let p = -11 - -29. Let l = p + -16. Let s(q) = 20*q**2 - 1 + l - 18*q**2. Give s(-1).
3
Let z be 1/2 + (-14)/(-4). Let x(m) be the second derivative of -m**4/12 + m**3/3 + 3*m**2/2 + 83*m. What is x(z)?
-5
Let n = 110 + -112. Let p(z) = -2*z + 5. Let s be p(n). Let v(m) = 2*m - 12. Determine v(s).
6
Let v(o) be the second derivative of -o**4/12 + 4*o**3/3 + 2*o**2 + 14*o - 2. Give v(9).
-5
Let a(r) = -11471*r**3 + 11470*r**3 + 2*r**2 - 1 + r**2. What is a(1)?
1
Let r(x) = -1. Let u(q) = -10*q + 5. Let h(a) = -6*r(a) - u(a). Give h(1).
11
Let b(t) = 7*t**2 - 11*t + 6. Let y(z) = -6*z**2 + 9*z - 5. Let d(q) = 4*b(q) + 5*y(q). Give d(1).
-2
Let w(f) = -f**2 - 6*f + 8. Let n = -72 + 65. Let q be w(n). Let t(r) be the third derivative of 5*r**4/8 - r**3/6 - 2*r**2. Determine t(q).
14
Let r(g) = -15 + g**2 - 10*g + 5 + 16. Let b(c) = c + 1. Let s be b(9). Calculate r(s).
6
Let w(m) = m**3 + 3*m**2 + 2. Let a be w(-3). Let h(p) = -3*p - p**3 + p**2 - p**a + 5 + 5*p**2. Let k be -3*(-10 + 5)*6/18. Determine h(k).
-10
Let u(y) = y**2 - 4*y - 1. Suppose -3*w = 4*z + 205, 3*z = -3*w - 80 - 70. Let m be (-162)/(-5) + (-33)/z. Let v = -28 + m. What is u(v)?
4
Let u(i) = -i**2 + 43*i + 227. Let s be u(48). Let j(d) = -2*d - 27. Calculate j(s).
-1
Let n = -28 + 31. Let d(o) = n*o + 0 - 1 + 8 - 4*o. Determine d(0).
7
Let b(k) be the first derivative of k**3/3 - 3*k**2 + 5*k + 122. Calculate b(4).
-3
Let x(q) = q**3 - 7*q**2 + q + 4. Let w(u) = u**3 + 4*u**2 - 5*u + 7. Suppose 0 = 5*j - j + 5*b - 5, 0 = -5*j - 4*b - 5. Let v be w(j). Calculate x(v).
11
Let k(v) = 8*v - 40. Let r be k(7). Let b(p) = 14*p**2 + 14*p**2 - 45*p**2 - 5*p + r*p**2. Determine b(-7).
-14
Let s(x) = -2*x**3 - 14*x**2 + 17*x - 11. Let a(o) = 5*o**3 + 29*o**2 - 36*o + 22. Let l(i) = -3*a(i) - 7*s(i). Give l(10).
1
Let s(z) = 3*z**3 - 2*z**3 + 0 - z**3 - 9*z**2 + z**3 + 5 + 6*z. Calculate s(8).
-11
Let l(h) = 4*h + 63. Let v(o) = -o - 21. Let j(g) = 4*l(g) + 11*v(g). Calculate j(-4).
1
Let o(m) be the first derivative of -1/3*m**3 - 14 - 3*m**2 + 5*m. What is o(-6)?
5
Let w be ((-10)/(-2))/(0 + -1). Let l(a) = -5*a. Let s(k) = 8*k + 1. Let t(u) = 5*l(u) + 3*s(u). What is t(w)?
8
Let m(u) = u**3 + 2*u**2 - 4*u - 4. Let o be -4 + (-9)/(63/(-7)). Calculate m(o).
-1
Let j(r) = 3*r**2 - 1. Let h = 52 + -47. Suppose -h*w + 2*m + 11 = -2, 5*w - 25 = 5*m. Determine j(w).
2
Let z be 8/(56/(-35)) - -4. Let h(d) = -6*d**3 - 2*d**2 - 2*d - 1. Determine h(z).
5
Suppose 0 = -3*k - b - 14, b + 6 = 2*k - 3*k. Let y(o) = -o**2 - 7*o - 10. Let w be y(k). Let t(l) = 3 - 12*l - 2*l + w*l**2 + 18*l. Calculate t(-2).
3
Let z be (-30)/(-6) - 9 - -5. Let o(n) = -4*n**2 - 3*n + 1. Calculate o(z).
-6
Let o(h) = 3*h**3 - 22*h**2 - 13*h - 24. Let x(y) = y**3 - 7*y**2 - 5*y - 8. Let a(t) = -2*o(t) + 7*x(t). Calculate a(7).
27
Let k(y) = -y**2 - 2*y - 3. Suppose 37 = 9*n - 35. Suppose -2 + n = -2*h. Calculate k(h).
-6
Let c be -3 - (-1 - -3) - 2. Let y(a) = -a**3 - 8*a**2 - 3*a - 1. Determine y(c).
-29
Let u(d) be the first derivative of -d**6/120 + d**5/15 + d**4/4 - 2*d**3/3 + 9*d**2 - 21. Let h(p) be the second derivative of u(p). Determine h(5).
1
Let i(j) = -16. Let u(z) = 3. Let q(c) = 6*i(c) + 34*u(c). Let p(l) = l + 5. Let k(h) = -2*p(h) + 3*q(h). Calculate k(7).
-6
Let m(h) = -h - 1. Let a(j) = 2*j**3 + j**2 + 2*j + 2. Let q be a(-1). Calculate m(q).
0
Let d(v) be the third derivative of v**5/60 - v**3/2 + 68*v**2. Determine d(0).
-3
Suppose x + 2*t = 28, -5*t - 2 = -x + 5. Suppose 4*p + 6 = x. Let d(q) be the first derivative of q**2/2 - 7*q + 3215. What is d(p)?
-3
Let m(u) = -u**2 + 5*u. Let g(z) = -z**2 + 5*z. Suppose 5*l - 9*l = -28. Let y(f) = l*m(f) - 6*g(f). Give y(4).
4
Let j = 7 + -14. Let r(g) = -4*g**2 + 53*g**3 - 4*g - 51*g**3 - g - 5. Let b(m) = 3*m**3 - 9*m**2 - 9*m - 11. Let s(a) = -3*b(a) + 5*r(a). Calculate s(j).
-6
Let y(f) = f - 5. Let a be y(3). Let r(q) = -q**2 - 4*q - 7. Let v(b) = 0*b**2 - b**2 + 4*b + 7 + 3*b**2. Let h(c) = a*v(c) - 3*r(c). Determine h(5).
2
Let g(c) = 15*c - 673. Let p be g(45). Let y(d)